Select a Year or Month report
Report for 2024 Mar
Monthly Climatological Summary for mars 2024
Name: Station Davis VP2 City: Ségur Le Chàteau State: Corrèze;-Limousin-France
Elevation: 367 m Lat: N 45° 25' 58" Lon: E 001° 19' 00"
Temperature (°C), Rain (mm), Wind Speed (km/h)
Heat Cool Avg
Mean Deg Deg Wind Dom
Day Temp High Time Low Time Days Days Rain Speed High Time Dir
----------------------------------------------------------------------------------
01 6,2 7,9 20:49 4,1 07:31 13,8 0,0 3,2 5,4 42,0 21:11 SW
02 7,0 11,3 14:18 4,1 23:58 13,0 0,0 19,2 8,7 45,0 09:00 S
03 5,1 8,2 14:56 2,5 23:51 14,9 0,0 5,4 4,2 26,0 15:24 NW
04 4,0 8,9 15:27 -2,4 07:05 16,0 0,0 1,0 3,3 26,0 13:05 SSE
05 4,4 7,4 16:18 1,0 23:27 15,6 0,0 11,6 5,9 34,0 10:20 SW
06 4,5 8,4 17:16 1,1 00:42 15,4 0,0 0,6 2,1 14,0 11:49 SE
07 7,4 15,1 16:21 0,4 06:10 12,7 0,0 0,0 9,2 32,0 20:52 ESE
08 7,7 10,6 10:00 5,1 14:43 12,2 0,0 17,2 8,9 34,0 09:20 SE
09 7,2 10,0 10:10 4,6 23:54 12,8 0,0 8,6 8,4 39,0 10:47 SE
10 7,1 12,1 12:22 3,1 07:14 12,9 0,0 2,0 5,7 32,0 15:40 SE
11 6,5 8,9 15:35 4,0 04:18 13,5 0,0 8,2 4,6 24,0 13:16 W
12 8,4 12,1 16:39 6,2 00:25 11,6 0,0 0,0 3,9 16,0 11:57 WSW
13 10,6 17,4 16:23 3,3 07:23 9,3 0,0 0,0 2,5 18,0 15:13 NE
14 12,5 19,4 15:47 5,7 06:08 7,5 0,0 0,0 4,5 32,0 09:42 S
15 11,3 15,8 14:55 6,7 01:51 8,7 0,0 0,8 5,1 31,0 14:33 WSW
16 12,2 16,1 16:47 9,3 23:30 7,8 0,0 0,4 3,3 18,0 00:37 SW
17 13,0 17,4 14:50 8,2 01:19 7,0 0,0 0,0 2,4 18,0 02:19 SE
18 13,6 17,9 16:25 9,8 23:58 6,4 0,0 0,4 4,3 21,0 02:36 W
19 11,9 19,5 16:11 4,3 06:36 8,1 0,0 0,0 1,9 14,0 14:21 NNE
20 14,5 21,4 16:17 6,8 06:18 5,6 0,1 0,0 4,9 21,0 12:31 ESE
21 14,3 21,2 15:47 7,4 06:37 5,7 0,0 0,0 2,6 21,0 15:59 N
22 15,2 22,8 16:19 7,0 06:58 5,2 0,4 0,0 1,7 19,0 16:58 WNW
23 9,1 13,1 00:00 5,6 07:13 10,9 0,0 0,0 7,2 35,0 15:29 WNW
24 7,8 11,8 14:24 4,0 23:57 12,2 0,0 1,2 5,0 21,0 11:56 W
25 8,1 15,6 15:24 1,3 03:44 11,9 0,0 0,0 7,8 39,0 18:49 SE
26 6,6 10,4 00:36 3,4 14:15 13,6 0,0 22,4 6,2 43,0 01:07 S
27 7,0 10,9 12:53 3,7 02:09 13,0 0,0 5,0 7,6 48,0 22:12 S
28 9,0 14,3 15:41 4,6 07:09 10,9 0,0 6,6 6,3 39,0 00:14 SSW
29 9,0 11,9 00:08 4,6 23:50 11,0 0,0 59,2 5,6 35,0 01:38 N
30 8,3 15,3 17:22 3,7 05:41 11,7 0,0 8,4 5,0 19,3 11:21 E
31 9,8 14,3 14:38 7,1 23:53 9,8 0,0 9,4 4,0 25,7 14:07 SW
----------------------------------------------------------------------------------
9,0 22,8 22 -2,4 4 340,6 0,5 190,8 5,1 48,0 27 S
Max >= 30,0 0
Max <= 0,0 0
Min <= 0,0 1
Min <= -10,0 0
Max Rain: 59,2 on day 29
Days of Rain: 20 (>= 0,2 mm) 14 (>= 2,0 mm) 2 (>= 20,0 mm)
Heat Base: 20,0 Cool Base: 20,0 Method: Integration