Select a Year or Month report

Report for 2019 Sep
                   Monthly Climatological Summary for sept. 2019

Name: Station Davis VP2   City: Ségur Le Château   State: Corrèze-Limousin-France
Elevation: 367 m  Lat: N 45 43 03   Lon: E 001 31 20

                  Temperature (C), Rain (mm), Wind Speed (km/h)

                                      Heat  Cool        Avg
    Mean                              Deg   Deg         Wind                 Dom
Day Temp  High   Time   Low    Time   Days  Days  Rain  Speed High   Time    Dir
----------------------------------------------------------------------------------
01  17,1  22,2   15:39  13,4   07:44   2,9   0,1   0,0   3,1  18,0   15:40   NNW
02  16,5  23,7   16:33   9,8   07:20   4,2   0,7   0,0   4,3  26,0   13:08     N
03  16,9  26,8   16:35   6,7   07:23   4,9   1,8   0,0   3,5  29,0   16:01     N
04  17,7  27,3   16:38   6,4   07:10   4,3   2,1   0,0   2,2  18,0   15:46   WNW
05  14,3  19,6   15:45   8,9   07:42   5,7   0,0   2,0   5,3  24,0   01:02   NNW
06  13,2  20,6   16:18   6,3   07:36   6,8   0,0   0,0   4,0  29,0   14:31     N
07  13,8  21,9   17:45   6,1   04:46   6,3   0,2   0,0   2,2  18,0   17:02   WNW
08  13,3  19,9   15:08   7,9   07:51   6,7   0,0   0,0   4,2  26,0   14:06     N
09  10,8  18,4   12:57   1,9   07:29   9,2   0,0   0,0   1,2  13,0   12:38    SW
10  13,9  22,1   18:16   9,0   05:00   6,2   0,1   2,2   2,5  16,0   16:04    NE
11  16,0  25,2   15:31   6,8   07:46   5,1   1,1   0,0   2,9  19,0   11:57   NNW
12  18,2  28,3   17:04   8,0   06:26   4,0   2,2   0,0   2,8  19,0   16:44     N
13  21,4  32,5   18:25  10,1   07:33   2,8   4,1   0,0   1,2  11,0   13:18   ENE
14  21,4  30,1   13:32  13,3   08:01   1,5   2,8   0,0   1,6  16,0   12:58     S
15  22,2  31,8   16:53  12,6   07:51   2,1   4,3   0,0   1,7  19,0   14:49    SE
16  22,5  32,6   17:11  13,7   05:35   1,8   4,3   0,0   1,1  13,0   12:42     N
17  22,6  31,6   15:17  14,4   07:12   1,2   3,8   0,0   3,0  21,0   17:32     N
18  19,2  27,3   16:17  11,3   07:53   2,6   1,9   0,0   5,8  24,0   14:23     N
19  18,0  26,3   15:43   9,4   07:46   3,6   1,6   0,0   7,0  26,0   16:37   NNE
20  19,2  28,5   15:25   8,2   07:23   3,4   2,6   0,0   6,0  26,0   16:27    SE
21  20,4  26,6   15:45  14,8   05:20   1,4   1,8   0,0  10,1  42,0   17:34   SSE
22  15,9  18,6   04:16  12,8   23:51   4,1   0,0  19,0   4,2  31,0   04:14   SSE
23  14,8  19,8   16:08  11,1   05:12   5,2   0,0   0,6   1,5  14,0   12:34   SSE
24  15,5  19,6   17:58  13,5   02:08   4,5   0,0   3,6   4,0  26,0   18:24     S
25  14,7  17,3   13:08  13,3   09:22   5,3   0,0   9,4   4,2  23,0   14:43   WSW
26  16,1  21,2   16:28  13,4   23:57   3,9   0,0   1,8   2,7  16,0   16:11   WSW
27  14,7  18,2   12:15  11,9   03:55   5,3   0,0   3,0   1,5  19,0   11:24    SW
28  14,8  19,6   17:15  10,7   23:57   5,2   0,0   0,6   0,9  13,0   15:13   WSW
29  15,5  23,6   15:42   8,8   05:55   5,0   0,5   1,2   4,0  31,0   19:12    SW
30  15,7  19,9   16:34  13,1   23:54   4,3   0,0   2,4   0,8  16,0   00:40   SSW
----------------------------------------------------------------------------------
    16,9  32,6    16     1,9     9   129,5  36,0  45,8   3,3  42,0    21       N

Max >=  30,0  5
Max <=   0,0  0
Min <=   0,0  0
Min <= -10,0  0
Max Rain: 19,0 on day 22
Days of Rain: 11 (>= 0,2 mm)  7 (>= 2,0 mm)  0 (>= 20,0 mm)
Heat Base: 20,0  Cool Base: 20,0  Method: Integration