V/Λ SELECT: Month and Year
OR > Month
Monthly Climatological Summary for juin 2023
Name: Station Davis VP2 City: Ségur Le Chàteau State: Corrèze;-Limousin-France
Elevation: 367 m Lat: N 45° 25' 58" Lon: E 001° 19' 00"
Temperature (°C), Rain (mm), Wind Speed (km/h)
Heat Cool Avg
Mean Deg Deg Wind Dom
Day Temp High Time Low Time Days Days Rain Speed High Time Dir
----------------------------------------------------------------------------------
01 17,6 25,0 14:56 10,9 05:27 3,1 0,7 0,6 5,6 29,0 11:21 E
02 18,7 25,7 18:38 11,6 06:33 2,7 1,3 1,4 3,5 29,0 13:47 NNE
03 18,7 25,4 16:30 11,1 06:17 2,7 1,4 0,0 3,8 23,0 16:47 ENE
04 17,6 24,9 14:48 14,8 06:43 3,0 0,5 5,8 3,5 40,0 14:57 E
05 19,2 26,3 16:01 11,6 06:20 2,6 1,7 0,2 3,3 23,0 16:12 NE
06 19,2 24,7 18:08 12,3 06:14 2,1 1,3 0,0 3,8 24,0 16:44 ESE
07 20,6 28,1 17:24 11,8 06:48 2,3 2,9 0,0 4,6 26,0 14:48 ESE
08 21,4 26,4 17:34 15,1 06:07 1,0 2,3 0,0 6,2 29,0 14:16 SE
09 17,9 22,9 10:40 14,7 23:52 2,5 0,3 27,6 4,9 32,0 10:42 SE
10 18,5 25,3 17:50 13,9 05:21 2,5 1,0 1,2 2,2 23,0 19:55 SW
11 20,2 25,6 16:08 13,6 06:07 1,7 1,9 0,2 4,4 21,0 19:20 N
12 19,5 25,5 15:33 14,4 06:02 1,9 1,4 13,4 4,0 26,0 22:09 NNE
13 17,6 22,6 14:37 15,7 05:10 2,6 0,2 2,2 1,8 21,0 16:37 NE
14 20,2 25,7 17:50 13,3 06:21 1,9 2,1 0,0 4,9 26,0 12:42 N
15 18,4 22,2 17:32 15,6 02:45 2,0 0,3 0,0 3,0 18,0 16:43 WSW
16 19,8 26,7 17:27 11,9 06:27 2,3 2,1 0,0 1,4 13,0 14:09 SW
17 22,1 28,6 16:05 14,0 06:51 1,4 3,5 0,0 2,4 21,0 16:10 SE
18 22,4 27,3 11:44 17,2 06:40 0,5 2,9 2,0 4,2 23,0 11:18 S
19 20,7 26,1 17:43 16,7 06:35 0,9 1,6 0,0 5,9 39,0 17:43 SSE
20 19,6 24,4 16:53 16,6 07:31 1,1 0,7 1,6 3,9 26,0 06:56 ESE
21 20,3 23,8 15:10 17,2 06:07 0,6 1,0 3,4 3,6 19,0 18:02 NE
22 19,0 22,9 17:44 14,4 06:23 1,4 0,4 26,0 3,7 29,0 01:53 WNW
23 20,6 26,7 17:55 14,3 06:40 1,6 2,2 0,2 2,1 16,1 14:35 NNW
24 22,1 29,1 16:48 13,3 05:44 1,4 3,6 0,0 6,3 30,6 13:40 NE
25 23,1 30,2 17:59 13,9 05:55 1,2 4,3 0,0 2,7 16,1 16:32 SW
26 20,4 24,9 17:45 16,7 06:17 1,0 1,5 0,0 4,7 22,5 01:12 NNW
27 19,1 24,7 16:30 12,6 06:31 2,3 1,4 0,0 6,0 24,1 13:03 N
28 20,2 26,1 16:25 13,7 06:51 2,0 2,2 0,0 5,1 19,3 11:14 N
29 20,0 25,3 16:00 14,2 05:51 1,6 1,6 0,0 3,1 17,7 20:47 WSW
30 17,5 21,4 15:59 14,8 07:14 2,5 0,0 2,6 4,3 22,5 17:17 WNW
----------------------------------------------------------------------------------
19,7 30,2 25 10,9 1 56,4 48,2 88,4 4,0 40,0 4 ENE
Max >= 30,0 1
Max <= 0,0 0
Min <= 0,0 0
Min <= -10,0 0
Max Rain: 27,6 on day 9
Days of Rain: 15 (>= 0,2 mm) 8 (>= 2,0 mm) 2 (>= 20,0 mm)
Heat Base: 20,0 Cool Base: 20,0 Method: Integration