V/Λ SELECT: Month and Year
OR > Month
Monthly Climatological Summary for juil. 2022
Name: Station Davis VP2 City: Ségur Le Chàteau State: Corrèze;-Limousin-France
Elevation: 367 m Lat: N 45° 25' 59" Lon: E 001° 19' 00"
Temperature (°C), Rain (mm), Wind Speed (km/h)
Heat Cool Avg
Mean Deg Deg Wind Dom
Day Temp High Time Low Time Days Days Rain Speed High Time Dir
----------------------------------------------------------------------------------
01 14,9 21,4 16:44 9,6 03:43 5,2 0,1 0,2 3,1 19,0 13:16 N
02 18,7 27,1 17:48 8,6 06:19 3,5 2,2 0,0 1,8 14,0 09:59 SSE
03 20,4 27,1 16:33 12,5 04:31 2,1 2,5 0,0 3,5 19,0 23:31 NNW
04 19,9 25,8 15:49 15,1 07:21 1,5 1,4 2,2 5,6 23,0 17:14 N
05 20,9 27,3 14:58 13,1 06:02 1,8 2,6 0,0 6,6 29,0 12:50 N
06 20,2 26,9 16:42 12,1 06:21 2,2 2,4 0,0 8,3 34,0 13:47 NNE
07 19,4 25,9 15:39 12,2 05:39 2,4 1,8 0,0 6,4 31,0 16:52 N
08 20,1 27,4 16:18 13,1 06:10 2,1 2,2 0,0 11,3 34,0 15:52 NNE
09 21,9 29,1 15:51 13,7 06:20 1,5 3,4 0,0 10,5 32,0 17:26 NNE
10 22,4 29,2 15:40 13,9 06:23 1,1 3,5 0,0 11,0 32,0 16:27 NNE
11 23,4 31,4 14:55 14,2 06:24 1,2 4,5 0,0 8,5 26,0 17:39 NNE
12 24,3 31,4 16:09 14,8 06:08 0,8 5,0 0,0 8,3 32,0 18:09 NNE
13 24,7 32,9 17:22 15,1 06:25 0,9 5,7 0,0 4,5 23,0 15:43 NE
14 25,4 33,6 17:05 15,1 06:49 0,7 6,1 0,0 2,6 19,0 17:09 NNW
15 24,2 31,1 16:26 17,3 05:23 0,3 4,5 0,0 7,8 31,0 19:15 N
16 23,5 31,2 15:21 14,9 06:17 0,9 4,4 0,0 10,6 31,0 16:15 NNE
17 25,4 34,6 15:59 15,5 06:32 0,7 6,1 0,0 10,1 31,0 18:00 NNE
18 28,0 36,8 18:09 16,4 06:30 0,4 8,5 0,0 6,4 29,0 14:10 ESE
19 25,9 32,1 17:18 21,1 06:32 0,0 5,9 0,0 5,1 29,0 13:07 SW
20 21,2 26,1 15:01 17,1 07:08 0,6 1,9 1,2 5,8 24,0 03:55 WNW
21 21,5 29,3 17:29 12,6 06:23 1,9 3,4 0,0 3,3 16,0 16:30 N
22 22,3 29,9 14:22 14,6 06:18 1,0 3,3 0,2 3,5 23,0 21:49 WSW
23 20,9 26,9 17:04 16,7 06:31 1,2 2,1 0,0 3,8 26,0 13:55 WNW
24 24,2 34,0 17:36 13,4 06:39 1,4 5,7 0,0 2,3 19,0 11:59 E
25 20,7 26,5 17:46 16,8 23:58 0,7 1,4 0,0 4,1 23,0 16:34 WSW
26 18,6 24,1 18:15 14,3 04:09 2,3 0,8 0,0 3,4 21,0 15:53 NW
27 18,7 25,8 17:50 10,8 06:26 3,0 1,8 0,0 4,9 29,0 16:10 N
28 20,0 27,6 17:46 10,6 06:43 2,3 2,3 0,0 2,1 14,0 15:08 WSW
29 20,4 26,4 16:23 15,4 06:52 1,4 1,7 0,0 2,7 19,0 16:03 W
30 22,3 29,0 17:30 15,9 06:55 0,9 3,1 0,0 2,3 16,0 13:53 WNW
31 23,8 31,8 16:41 14,1 06:51 1,0 4,8 0,0 2,9 19,0 17:20 NNW
----------------------------------------------------------------------------------
21,9 36,8 18 8,6 2 47,0 105,1 3,8 5,6 34,0 6 N
Max >= 30,0 11
Max <= 0,0 0
Min <= 0,0 0
Min <= -10,0 0
Max Rain: 2,2 on day 4
Days of Rain: 4 (>= 0,2 mm) 1 (>= 2,0 mm) 0 (>= 20,0 mm)
Heat Base: 20,0 Cool Base: 20,0 Method: Integration