V/Λ SELECT: Month and Year
OR > Month
Monthly Climatological Summary for févr. 2020
Name: Station Davis VP2 City: Ségur Le Château State: Corrèze-Limousin-France
Elevation: 367 m Lat: N 45 25 59 Lon: E 001 19 00
Temperature (°C), Rain (mm), Wind Speed (km/h)
Heat Cool Avg
Mean Deg Deg Wind Dom
Day Temp High Time Low Time Days Days Rain Speed High Time Dir
----------------------------------------------------------------------------------
01 10,8 12,7 13:02 9,4 06:33 9,2 0,0 2,8 5,7 32,0 12:49 SW
02 12,2 13,6 14:16 10,9 23:50 7,8 0,0 6,0 5,5 24,0 12:02 SW
03 12,2 15,2 16:56 10,7 05:18 7,8 0,0 0,2 3,0 24,0 22:51 SW
04 7,1 12,1 00:00 3,3 23:56 12,9 0,0 0,6 3,5 39,0 03:29 WNW
05 4,4 9,2 16:45 1,1 07:55 15,6 0,0 0,0 2,8 31,0 14:06 NNE
06 4,5 12,0 16:01 -2,1 07:44 15,5 0,0 0,0 1,0 21,0 15:34 NE
07 7,2 12,4 15:51 2,3 07:39 12,8 0,0 0,0 0,0 18,0 13:29 SSE
08 7,9 12,3 14:10 1,8 07:36 12,1 0,0 0,0 0,3 26,0 11:16 SSE
09 9,9 13,1 15:28 6,3 08:13 10,1 0,0 0,2 3,0 42,0 21:19 S
10 10,8 12,6 15:25 9,7 11:12 9,2 0,0 8,8 11,6 43,0 17:20 SW
11 7,7 10,1 00:13 4,4 23:58 12,3 0,0 3,6 6,2 34,0 02:42 WSW
12 4,6 9,6 16:52 0,2 05:31 15,2 0,0 0,4 2,1 16,0 14:01 S
13 6,9 11,6 15:33 3,9 02:00 13,1 0,0 4,0 9,5 48,0 14:56 SSW
14 7,6 11,9 15:38 2,3 23:56 12,4 0,0 0,0 2,9 16,0 00:03 SW
15 6,7 12,9 15:28 -0,1 07:53 13,3 0,0 0,0 3,3 23,0 11:31 SE
16 11,8 17,4 15:56 7,6 06:42 8,2 0,0 0,0 4,5 32,0 01:24 S
17 8,4 10,6 00:00 4,6 23:47 11,6 0,0 6,2 5,6 26,0 00:43 SW
18 4,9 9,7 16:09 0,4 08:13 15,1 0,0 0,6 3,1 23,0 14:49 SW
19 6,7 9,8 17:16 4,6 01:48 13,2 0,0 2,6 4,7 23,0 14:05 WSW
20 6,6 13,4 16:32 0,7 03:53 13,4 0,0 0,2 3,8 24,0 12:40 SW
21 7,2 11,3 15:08 2,7 23:38 12,8 0,0 0,0 3,1 16,0 05:42 N
22 5,9 14,3 16:08 -1,7 08:00 14,1 0,0 0,0 1,7 16,0 14:04 SW
23 6,9 14,4 15:38 -0,6 06:39 13,1 0,0 0,0 2,6 19,0 14:01 SW
24 6,7 15,3 15:51 -0,4 07:59 13,3 0,0 0,2 2,2 19,0 15:11 SW
25 7,6 11,9 14:18 5,4 22:14 12,4 0,0 6,2 7,9 40,0 19:23 WSW
26 4,8 7,9 14:28 2,7 06:51 15,2 0,0 2,8 7,8 34,0 00:12 W
27 7,0 12,2 14:19 3,8 01:17 12,9 0,0 16,2 7,0 43,0 13:32 WSW
28 4,8 8,4 21:30 -1,1 06:38 15,2 0,0 0,4 5,6 24,0 20:59 SSE
29 8,7 11,4 12:20 6,2 21:54 11,3 0,0 1,6 10,5 48,0 11:47 SSW
----------------------------------------------------------------------------------
7,5 17,4 16 -2,1 6 361,1 0,0 63,6 4,5 48,0 13 SW
Max >= 30,0 0
Max <= 0,0 0
Min <= 0,0 6
Min <= -10,0 0
Max Rain: 16,2 on day 27
Days of Rain: 19 (>= 0,2 mm) 10 (>= 2,0 mm) 0 (>= 20,0 mm)
Heat Base: 20,0 Cool Base: 20,0 Method: Integration