V/Λ SELECT: Month and Year
OR > Month
Monthly Climatological Summary for juin 2022
Name: Station Davis VP2 City: Ségur Le Chàteau State: Corrèze;-Limousin-France
Elevation: 367 m Lat: N 45° 25' 59" Lon: E 001° 19' 00"
Temperature (°C), Rain (mm), Wind Speed (km/h)
Heat Cool Avg
Mean Deg Deg Wind Dom
Day Temp High Time Low Time Days Days Rain Speed High Time Dir
----------------------------------------------------------------------------------
01 16,3 24,2 17:29 9,1 04:57 4,6 0,9 7,6 3,4 18,0 16:20 NNE
02 19,6 26,9 17:20 14,3 03:43 2,1 1,7 6,4 4,0 29,0 08:24 E
03 20,9 26,9 17:23 16,2 06:38 1,3 2,1 9,4 5,2 34,0 23:20 SE
04 18,2 25,3 17:27 12,7 06:16 2,6 0,8 4,8 2,5 23,0 19:30 SW
05 16,8 20,3 17:13 14,2 23:59 3,2 0,0 4,8 3,5 18,0 17:15 WSW
06 16,0 21,5 16:46 10,3 04:48 4,2 0,1 0,0 1,9 14,0 18:12 NW
07 16,9 21,9 17:40 12,9 05:01 3,3 0,2 0,2 3,0 21,0 17:45 WSW
08 14,6 18,7 18:33 12,1 04:08 5,4 0,0 11,8 4,0 21,0 20:05 WSW
09 15,0 18,5 18:49 11,6 01:17 5,0 0,0 0,0 2,4 16,0 11:15 WNW
10 18,5 25,2 16:59 10,1 06:20 3,0 1,5 0,0 2,3 16,0 16:07 NNE
11 21,2 29,7 17:10 11,0 06:12 2,2 3,4 0,0 2,1 18,0 20:41 N
12 21,4 27,3 18:49 14,2 06:09 1,2 2,6 0,0 2,5 19,0 14:09 N
13 21,3 27,1 16:43 15,7 06:09 1,1 2,4 0,0 8,4 26,0 15:10 N
14 22,8 31,2 17:24 11,8 06:27 1,9 4,7 0,0 3,1 14,0 14:13 E
15 25,0 31,4 17:10 18,7 04:33 0,2 5,2 0,0 3,2 19,0 11:51 SW
16 23,6 32,8 17:42 13,2 06:10 1,4 5,0 0,0 3,0 18,0 13:10 NNE
17 26,0 35,2 16:52 16,3 06:42 0,5 6,5 0,0 4,6 21,0 13:56 NNE
18 27,6 35,9 17:08 16,2 04:46 0,3 7,8 0,0 6,5 26,0 15:53 SE
19 25,6 32,2 17:01 17,9 23:50 0,2 5,7 0,2 4,0 32,0 22:28 WSW
20 21,7 28,3 18:15 16,7 06:01 1,1 2,8 15,8 3,9 48,0 23:22 ENE
21 20,6 25,3 18:06 16,6 04:39 1,0 1,5 4,8 2,7 16,0 17:33 W
22 20,1 24,8 18:12 15,8 05:03 1,2 1,3 0,4 3,9 23,0 08:47 SW
23 19,0 23,8 10:29 14,1 06:32 1,7 0,7 15,0 3,0 32,0 13:47 NNE
24 17,1 21,2 14:58 14,7 05:01 3,0 0,0 3,2 4,0 24,0 17:39 SW
25 15,7 19,6 17:00 12,1 05:15 4,3 0,0 0,6 2,8 16,0 12:06 N
26 13,8 15,3 13:25 11,8 08:07 6,2 0,0 16,8 4,8 18,0 12:54 N
27 16,6 22,2 17:31 12,2 07:43 3,6 0,2 3,4 3,6 19,0 10:06 NW
28 17,2 23,8 17:09 9,1 06:17 3,6 0,8 0,0 3,4 19,0 16:08 N
29 18,2 25,3 16:12 9,6 06:20 3,3 1,5 0,0 2,7 18,0 21:35 W
30 13,3 16,6 00:00 11,8 22:34 6,7 0,0 21,2 1,8 19,0 01:15 NW
----------------------------------------------------------------------------------
19,4 35,9 18 9,1 1 79,4 59,4 126,4 3,6 48,0 20 NNW
Max >= 30,0 6
Max <= 0,0 0
Min <= 0,0 0
Min <= -10,0 0
Max Rain: 21,2 on day 30
Days of Rain: 17 (>= 0,2 mm) 13 (>= 2,0 mm) 1 (>= 20,0 mm)
Heat Base: 20,0 Cool Base: 20,0 Method: Integration