V/Λ SELECT: Month and Year
OR > Month
Monthly Climatological Summary for mars 2021
Name: Station Davis VP2 City: Ségur Le Château State: Corrèze-Limousin-France
Elevation: 367 m Lat: N 45° 25' 59" Lon: E 001° 19' 00"
Temperature (°C), Rain (mm), Wind Speed (km/h)
Heat Cool Avg
Mean Deg Deg Wind Dom
Day Temp High Time Low Time Days Days Rain Speed High Time Dir
----------------------------------------------------------------------------------
01 10,6 16,9 15:59 4,4 06:11 9,4 0,0 0,0 7,5 32,0 12:27 SE
02 10,9 15,9 15:03 5,9 07:26 9,1 0,0 0,0 7,1 31,0 13:25 SE
03 7,5 12,6 13:55 2,6 06:42 12,5 0,0 0,0 1,7 19,0 12:01 SSE
04 7,6 15,2 15:09 0,2 06:30 12,4 0,0 0,0 2,8 16,0 13:51 NNE
05 6,5 10,8 14:29 3,3 05:37 13,5 0,0 0,0 11,7 34,0 14:46 NNE
06 5,9 12,6 15:06 -0,3 07:41 14,1 0,0 0,0 3,9 18,0 15:09 NNE
07 6,9 11,6 15:16 3,4 05:09 13,1 0,0 1,0 2,2 13,0 15:08 N
08 6,7 12,7 14:02 1,9 07:57 13,3 0,0 0,0 6,6 26,0 17:34 N
09 4,0 9,6 15:43 -1,4 07:36 16,0 0,0 0,0 4,4 23,0 15:39 NNW
10 4,7 11,8 16:19 -3,9 06:36 15,3 0,0 0,0 2,9 21,0 15:28 S
11 8,9 11,7 12:25 6,3 23:58 11,1 0,0 7,4 8,6 37,0 14:02 SW
12 7,0 11,2 14:13 4,2 07:18 13,0 0,0 4,6 6,7 31,0 14:46 WSW
13 7,1 10,0 12:19 5,4 23:57 12,9 0,0 11,4 12,8 47,0 14:00 SW
14 6,0 10,9 14:39 2,4 07:40 14,0 0,0 0,6 5,6 23,0 10:58 W
15 6,5 9,8 16:03 2,4 01:31 13,6 0,0 1,8 6,2 24,0 09:01 W
16 7,9 11,6 16:30 4,2 05:28 12,1 0,0 3,0 7,7 29,0 00:01 NW
17 6,6 9,5 00:34 4,1 07:48 13,4 0,0 1,0 14,2 42,0 09:00 NNW
18 4,1 6,0 15:13 1,1 06:57 15,9 0,0 0,0 10,8 26,0 05:52 N
19 3,8 7,0 14:06 1,6 23:42 16,2 0,0 1,6 13,5 48,0 13:11 NNE
20 3,3 8,2 15:43 -1,4 07:02 16,7 0,0 0,0 15,3 47,0 11:56 NNE
21 4,3 9,0 12:06 -1,0 06:13 15,7 0,0 0,0 13,2 39,0 12:24 N
22 5,8 11,0 15:42 1,8 07:02 14,2 0,0 0,0 10,5 32,0 13:12 N
23 7,2 16,7 17:09 -1,5 07:16 12,8 0,0 0,0 2,9 16,0 15:12 NNE
24 9,5 18,4 16:21 0,1 06:58 10,5 0,0 0,0 2,5 16,0 15:19 W
25 7,6 12,1 13:48 3,6 05:28 12,4 0,0 0,0 1,7 16,0 13:48 SW
26 8,5 15,9 15:26 0,6 07:05 11,5 0,0 0,4 5,4 29,0 18:48 WSW
27 7,2 13,1 15:44 1,0 07:18 12,8 0,0 0,2 2,5 16,0 15:46 N
28 8,8 18,2 17:51 -1,3 07:49 10,7 0,0 0,0 2,0 16,0 13:03 ESE
29 12,9 22,5 18:38 2,5 07:52 7,4 0,3 0,0 4,1 24,0 12:46 SE
30 15,7 23,6 16:58 6,7 07:36 5,0 0,6 0,0 4,5 19,0 13:16 SE
31 16,0 23,1 17:16 6,6 05:44 4,6 0,6 0,0 5,6 26,0 11:38 SE
----------------------------------------------------------------------------------
7,6 23,6 30 -3,9 10 385,2 1,5 33,0 6,7 48,0 19 N
Max >= 30,0 0
Max <= 0,0 0
Min <= 0,0 7
Min <= -10,0 0
Max Rain: 11,4 on day 13
Days of Rain: 11 (>= 0,2 mm) 4 (>= 2,0 mm) 0 (>= 20,0 mm)
Heat Base: 20,0 Cool Base: 20,0 Method: Integration