V/Λ SELECT: Month and Year
OR > Month
Monthly Climatological Summary for nov. 2020
Name: Station Davis VP2 City: Ségur Le Château State: Corrèze-Limousin-France
Elevation: 367 m Lat: N 45° 25' 59" Lon: E 001° 19' 00"
Temperature (°C), Rain (mm), Wind Speed (km/h)
Heat Cool Avg
Mean Deg Deg Wind Dom
Day Temp High Time Low Time Days Days Rain Speed High Time Dir
----------------------------------------------------------------------------------
01 14,4 18,8 14:25 10,3 03:48 5,6 0,0 0,0 2,1 18,0 08:32 SSE
02 14,9 17,8 16:03 10,2 23:40 5,1 0,0 1,0 3,0 21,0 02:08 SSE
03 9,3 12,5 12:56 3,8 23:51 10,7 0,0 2,2 1,6 14,0 13:42 WNW
04 4,6 10,2 14:27 0,3 05:20 15,4 0,0 0,2 7,9 37,0 14:57 NNE
05 7,5 14,9 16:20 0,9 07:58 12,4 0,0 0,0 4,6 14,0 00:11 NE
06 13,3 18,7 13:58 6,0 01:37 6,7 0,0 0,0 8,8 42,0 14:24 ESE
07 14,7 17,8 11:47 12,9 21:49 5,3 0,0 5,4 10,1 60,0 12:39 SE
08 13,5 17,7 14:39 9,9 23:38 6,5 0,0 0,2 3,5 29,0 02:21 SSE
09 12,0 16,9 15:06 7,4 07:28 8,0 0,0 0,8 3,1 18,0 11:44 ESE
10 11,1 16,2 14:45 6,2 23:56 8,9 0,0 0,2 0,6 14,0 14:50 W
11 8,8 15,6 14:46 2,3 07:26 11,2 0,0 0,4 2,0 18,0 13:38 SE
12 11,8 15,9 15:25 8,3 23:35 8,2 0,0 0,0 2,4 18,0 07:03 SSE
13 10,6 15,1 16:25 5,7 06:18 9,4 0,0 0,0 3,9 31,0 12:29 SE
14 11,7 17,6 14:36 5,9 05:27 8,3 0,0 0,0 3,8 35,0 11:59 SE
15 13,0 16,6 12:35 9,8 22:33 7,0 0,0 18,0 8,7 43,0 11:14 S
16 9,2 12,3 15:20 4,8 23:52 10,7 0,0 0,4 2,9 14,0 12:56 WSW
17 7,9 14,8 16:59 2,6 04:26 12,1 0,0 0,2 0,9 11,0 12:49 NE
18 10,6 15,9 14:32 5,7 03:00 9,4 0,0 0,2 2,1 29,0 10:53 SE
19 9,6 12,8 00:44 5,3 23:53 10,5 0,0 3,0 5,7 26,0 07:44 NW
20 3,9 7,6 14:04 0,2 23:59 16,1 0,0 0,0 5,5 26,0 14:42 N
21 4,0 11,5 14:53 -1,0 02:26 15,9 0,0 0,2 2,9 11,0 02:49 NE
22 4,5 12,6 16:56 -1,7 06:53 15,5 0,0 0,0 1,1 11,0 14:49 SSW
23 5,0 12,2 15:59 -1,0 07:35 15,0 0,0 0,0 0,7 8,0 02:33 ENE
24 6,3 14,2 14:58 -0,6 06:37 13,7 0,0 0,0 3,0 23,0 22:06 SE
25 10,0 14,7 14:48 4,9 04:23 10,0 0,0 0,0 8,9 32,0 11:44 ESE
26 10,5 15,2 12:28 5,4 08:07 9,5 0,0 0,0 8,1 31,0 12:42 SE
27 10,7 15,4 14:28 6,5 04:13 9,3 0,0 0,0 5,5 31,0 12:36 ESE
28 10,1 16,1 14:29 5,3 06:55 9,9 0,0 0,0 5,3 23,0 12:53 ENE
29 5,9 12,3 14:02 0,3 23:59 14,1 0,0 0,0 4,1 18,0 15:42 NNE
30 2,1 8,7 14:16 -3,1 07:49 17,9 0,0 0,0 5,2 19,0 16:37 NNE
----------------------------------------------------------------------------------
9,4 18,8 1 -3,1 30 318,3 0,0 32,4 4,3 60,0 7 ESE
Max >= 30,0 0
Max <= 0,0 0
Min <= 0,0 5
Min <= -10,0 0
Max Rain: 18,0 on day 15
Days of Rain: 14 (>= 0,2 mm) 4 (>= 2,0 mm) 0 (>= 20,0 mm)
Heat Base: 20,0 Cool Base: 20,0 Method: Integration