V/Λ SELECT: Month and Year
OR > Month
Monthly Climatological Summary for avr. 2018
Name: Station Davis VP2 City: Ségur Le Château State: Corrèze-Limousin-France
Elevation: 367 m Lat: N 45° 43' 03" Lon: E 001° 31' 20"
Temperature (°C), Rain (mm), Wind Speed (km/h)
Heat Cool Avg
Mean Deg Deg Wind Dom
Day Temp High Time Low Time Days Days Rain Speed High Time Dir
----------------------------------------------------------------------------------
1 6,3 12,2 15:49 0,8 08:01 13,7 0,0 0,0 4,0 21,0 17:36 SSE
2 11,4 16,1 15:53 7,3 02:39 8,6 0,0 0,0 11,5 39,0 16:54 SE
3 11,6 18,4 16:51 8,8 21:40 8,4 0,0 3,8 10,1 45,0 14:59 SSE
4 11,3 15,3 13:53 9,1 07:27 8,7 0,0 5,6 8,6 43,0 15:56 SW
5 9,8 14,8 17:31 6,6 23:59 10,2 0,0 0,6 5,4 32,0 00:14 SW
6 13,1 21,7 16:21 5,1 05:17 6,9 0,2 0,0 10,0 40,0 21:24 SE
7 15,0 19,1 14:05 11,1 07:27 5,0 0,0 0,0 10,2 40,0 12:48 SE
8 12,9 16,4 13:36 8,7 23:50 7,1 0,0 2,2 6,1 48,0 12:30 SE
9 10,7 13,6 16:15 8,2 01:19 9,1 0,0 7,8 3,4 26,0 10:46 SE
10 9,0 13,2 16:34 5,5 08:57 10,1 0,0 11,0 10,1 35,0 08:06 SE
11 11,1 13,8 16:32 9,1 23:58 8,9 0,0 0,8 12,5 39,0 15:33 ENE
12 9,0 12,1 16:26 7,1 10:12 10,9 0,0 4,6 0,8 11,0 12:14 S
13 11,4 17,1 15:03 7,1 07:47 8,5 0,0 0,0 8,1 34,0 16:18 SE
14 11,7 15,7 15:05 9,1 04:42 8,2 0,0 1,6 4,6 29,0 14:44 SSE
15 11,1 18,6 15:11 3,9 07:19 8,9 0,0 0,0 2,8 19,0 15:08 SW
16 12,2 17,7 16:27 7,3 06:59 7,5 0,0 0,0 6,0 23,0 09:41 NNW
17 14,2 22,9 16:31 4,6 06:44 6,2 0,4 0,0 3,2 16,0 14:51 N
18 17,8 25,7 18:08 7,5 07:11 3,9 1,6 0,0 4,4 21,0 13:09 SE
19 18,7 24,7 17:09 11,6 07:20 2,6 1,3 0,0 6,6 35,0 13:30 SE
20 18,6 26,9 17:37 8,8 06:42 3,6 2,1 0,0 3,0 21,0 14:08 ESE
21 19,3 26,2 16:52 9,8 06:55 2,7 1,9 0,0 3,3 26,0 16:04 SSE
22 17,3 24,4 16:56 10,2 05:34 3,5 0,9 0,0 1,6 21,0 12:16 S
23 17,1 22,7 17:35 12,8 23:59 3,3 0,3 3,2 1,8 19,0 17:04 WNW
24 15,0 22,4 17:15 7,3 07:19 5,2 0,3 0,2 1,1 14,0 14:11 SW
25 12,1 14,8 16:08 10,1 03:32 7,9 0,0 0,0 2,0 16,0 13:47 WSW
26 10,8 16,4 16:14 4,9 05:39 9,2 0,0 0,0 5,4 26,0 13:43 N
27 10,9 17,8 13:40 2,8 06:54 9,1 0,0 0,0 4,0 29,0 14:05 SW
28 8,7 14,2 17:35 4,1 03:20 11,1 0,0 8,2 5,3 23,0 10:46 N
29 9,2 10,7 07:25 7,7 23:26 10,8 0,0 32,2 3,6 24,0 22:02 E
30 7,9 10,8 15:52 6,4 08:30 12,0 0,0 6,8 4,1 29,0 03:30 SW
----------------------------------------------------------------------------------
12,5 26,9 20 0,8 1 231,8 9,0 88,6 5,4 48,0 8 SE
Max >= 30,0: 0
Max <= 0,0: 0
Min <= 0,0: 0
Min <= -10,0: 0
Max Rain: 32,2 on day 29
Days of Rain: 14 (>= 0,2 mm) 10 (>= 2,0 mm) 1 (>= 20,0 mm)
Heat Base: 20,0 Cool Base: 20,0 Method: Integration