V/Λ SELECT: Month and Year
OR > Month
Monthly Climatological Summary for mars 2017
Name: Station Davis VP2 City: Ségur Le Château State: Corrèze-Limousin-France
Elevation: 367 m Lat: N 45° 43' 03" Lon: E 001° 31' 20"
Temperature (°C), Rain (mm), Wind Speed (km/h)
Heat Cool Avg
Mean Deg Deg Wind Dom
Day Temp High Time Low Time Days Days Rain Speed High Time Dir
----------------------------------------------------------------------------------
1 6,1 9,3 20:33 2,2 00:00 13,7 0,0 4,8 7,7 32,0 14:14 SW
2 9,0 11,7 14:50 5,7 07:49 10,9 0,0 3,4 5,3 24,0 03:51 SW
3 10,9 14,9 13:58 6,4 01:04 9,0 0,0 0,4 15,3 55,0 15:09 SE
4 6,1 10,7 00:00 4,1 22:34 13,9 0,0 35,0 8,1 50,0 17:00 WSW
5 6,3 11,4 16:00 3,2 04:01 13,6 0,0 6,2 9,0 40,0 19:19 SW
6 8,3 11,6 11:20 6,6 05:29 11,3 0,0 10,4 11,6 60,0 11:47 WSW
7 5,5 7,4 10:46 4,5 19:03 14,4 0,0 6,2 4,8 19,0 00:34 WSW
8 8,2 10,9 16:50 4,8 00:00 11,7 0,0 2,0 3,9 24,0 15:49 WSW
9 9,3 11,6 14:49 5,7 23:48 10,3 0,0 0,0 2,3 14,0 17:00 WNW
10 11,9 20,3 16:13 3,3 02:44 8,1 0,0 0,0 4,3 23,0 09:49 NE
11 13,1 22,6 16:13 4,4 06:42 7,2 0,3 0,0 2,0 14,0 13:58 E
12 10,9 13,5 13:22 9,9 06:50 9,1 0,0 1,8 4,6 23,0 00:59 WSW
13 11,0 15,1 15:04 8,0 23:31 8,9 0,0 0,0 11,0 35,0 17:23 N
14 10,5 16,7 15:56 4,8 05:35 9,5 0,0 0,0 9,0 31,0 16:55 NNE
15 11,6 20,8 15:46 4,0 06:38 8,4 0,0 0,0 5,8 21,0 16:51 NNE
16 12,4 21,6 17:12 3,4 07:11 7,7 0,1 0,0 2,0 13,0 14:32 ESE
17 11,4 20,5 14:50 2,2 07:23 8,5 0,0 0,0 4,0 26,0 13:19 WSW
18 9,1 11,4 13:42 7,4 07:18 10,9 0,0 0,0 4,3 21,0 13:46 WSW
19 9,1 11,1 16:17 7,5 05:24 10,8 0,0 0,0 2,6 11,0 10:30 W
20 9,0 10,7 15:56 7,3 07:22 11,0 0,0 0,0 2,8 16,0 12:24 WSW
21 6,5 9,8 12:51 0,0 23:54 13,5 0,0 6,2 4,7 24,0 15:31 WNW
22 5,4 11,1 14:43 -0,3 00:07 14,6 0,0 1,2 5,1 29,0 13:20 SE
23 3,7 7,1 16:25 0,9 22:57 16,3 0,0 12,4 4,7 19,0 13:52 SE
24 5,1 10,4 12:47 -1,7 04:09 14,9 0,0 1,2 7,5 29,0 21:36 ENE
25 11,8 18,8 11:09 8,0 00:44 8,2 0,0 0,0 13,9 50,0 15:25 E
26 11,3 17,9 19:01 4,4 07:29 8,3 0,0 0,0 6,7 19,0 09:21 E
27 11,9 19,7 18:01 4,9 07:22 8,0 0,0 1,2 5,8 35,0 12:37 SE
28 12,5 18,4 16:00 6,9 07:49 7,5 0,0 0,2 2,7 18,0 10:17 SSE
29 12,8 21,3 18:40 3,6 06:48 7,3 0,1 0,0 1,7 14,0 12:55 E
30 14,8 22,8 16:04 5,9 05:24 5,6 0,4 0,0 6,5 31,0 23:53 SE
31 12,8 16,2 13:25 9,2 23:50 7,2 0,0 12,8 4,2 23,0 01:59 SE
----------------------------------------------------------------------------------
9,6 22,8 30 -1,7 24 320,3 0,9 105,4 5,9 60,0 6 S
Max >= 30,0: 0
Max <= 0,0: 0
Min <= 0,0: 3
Min <= -10,0: 0
Max Rain: 35,0 on day 4
Days of Rain: 16 (>= 0,2 mm) 10 (>= 2,0 mm) 1 (>= 20,0 mm)
Heat Base: 20,0 Cool Base: 20,0 Method: Integration