V/Λ SELECT: Month and Year
OR > Month
Monthly Climatological Summary for janv. 2017
Name: Station Davis VP2 City: Ségur Le Château State: Corrèze-Limousin-France
Elevation: 367 m Lat: N 45° 43' 03" Lon: E 001° 31' 20"
Temperature (°C), Rain (mm), Wind Speed (km/h)
Heat Cool Avg
Mean Deg Deg Wind Dom
Day Temp High Time Low Time Days Days Rain Speed High Time Dir
----------------------------------------------------------------------------------
10 4,2 5,6 15:19 3,5 23:30 4,7 0,0 0,0 6,8 40,2 08:05 NW
11 4,2 6,8 22:44 1,9 06:00 13,7 0,0 1,4 2,5 13,0 07:38 SSW
12 7,0 9,8 19:46 4,4 23:26 11,2 0,0 12,4 6,0 47,0 19:44 SW
13 2,2 4,8 14:59 0,0 22:36 15,9 0,0 0,4 6,8 39,0 14:03 W
14 1,3 4,6 14:54 -1,4 04:28 17,0 0,0 0,0 5,2 24,0 12:54 WNW
15 2,4 4,4 13:09 0,8 08:33 15,4 0,0 2,4 5,6 32,0 02:18 NW
16 2,4 5,3 07:07 -1,9 23:51 15,7 0,0 0,8 12,3 40,0 14:27 N
17 -2,3 0,7 15:04 -4,4 07:18 20,4 0,0 0,0 19,2 48,0 13:15 N
18 -3,6 -0,2 15:09 -7,0 22:49 21,6 0,0 0,0 14,3 37,0 02:26 NNE
19 -4,6 1,3 16:37 -10,3 06:06 22,7 0,0 0,0 3,4 14,0 10:59 E
20 -0,2 8,7 15:11 -7,5 08:22 18,4 0,0 0,0 2,9 18,0 14:03 E
21 2,1 10,7 14:57 -4,8 07:31 17,8 0,0 0,0 2,6 19,0 13:45 E
22 1,9 5,7 14:43 -1,7 09:38 18,0 0,0 0,0 3,4 18,0 15:18 ESE
23 2,2 8,6 15:12 -1,7 08:37 17,7 0,0 0,0 8,5 31,0 17:40 NNE
24 0,3 6,4 13:18 -3,9 05:20 19,3 0,0 0,0 11,7 39,0 13:50 NNE
25 -1,7 2,3 15:06 -5,3 23:34 21,5 0,0 0,0 9,3 34,0 06:11 NNE
26 0,1 8,2 15:01 -7,9 07:37 19,8 0,0 0,0 7,3 31,0 15:47 SE
27 9,4 12,5 13:25 3,6 00:00 10,5 0,0 0,0 23,1 58,0 13:58 SSE
28 7,1 9,3 15:19 4,4 19:22 12,8 0,0 1,0 6,8 35,0 01:33 S
29 6,0 9,9 15:18 3,3 03:29 14,0 0,0 0,0 6,7 29,0 11:22 SSE
30 6,4 7,9 22:24 4,6 06:46 13,5 0,0 4,6 7,8 32,0 00:51 SSE
31 9,2 13,4 14:57 6,1 03:39 10,8 0,0 0,0 4,4 21,0 12:24 ESE
----------------------------------------------------------------------------------
2,5 13,4 31 -10,3 19 352,4 0,0 23,0 8,2 58,0 27 NE
Max >= 27,0: 0
Max <= 0,0: 1
Min <= 0,0: 13
Min <= -18,0: 0
Max Rain: 12,4 on day 12
Days of Rain: 7 (>= 0,2 mm) 3 (>= 2,0 mm) 0 (>= 20,0 mm)
Heat Base: 20,0 Cool Base: 20,0 Method: Integration