Select a Year or Month report

Report for 2020 Jul
                   Monthly Climatological Summary for juil. 2020

Name: Station Davis VP2   City: Ségur Le Château   State: Corrèze-Limousin-France
Elevation: 367 m  Lat: N 45 25' 59"   Lon: E 001 19' 00"

                  Temperature (C), Rain (mm), Wind Speed (km/h)

                                      Heat  Cool        Avg
    Mean                              Deg   Deg         Wind                 Dom
Day Temp  High   Time   Low    Time   Days  Days  Rain  Speed High   Time    Dir
----------------------------------------------------------------------------------
01  18,7  24,2   13:07  13,6   05:02   1,9   0,6   4,2   1,9  16,0   16:07   WSW
02  16,9  19,8   16:48  13,8   06:38   3,1   0,0   0,0   2,7  16,0   13:52   WSW
03  16,2  21,5   15:27   9,8   06:28   3,9   0,1   0,0   2,9  19,0   16:11    NW
04  17,1  23,3   16:56   9,2   06:37   3,5   0,6   0,0   2,1  16,0   12:20   WSW
05  18,7  24,4   18:19  13,6   05:57   2,1   0,9   0,0   2,2  16,0   11:08   WSW
06  18,2  22,8   16:00  12,9   23:58   2,2   0,4   0,0   6,0  26,0   18:05   NNW
07  17,4  25,2   16:39   8,4   06:26   3,8   1,2   0,0   5,3  24,0   12:42     N
08  20,9  29,0   16:49  11,9   05:47   2,4   3,2   0,0   3,9  19,0   12:50     N
09  22,8  30,7   17:35  12,9   06:10   1,6   4,4   0,0   2,3  14,0   12:46   WSW
10  19,2  23,6   18:57  14,2   07:33   1,7   0,9   0,0   2,6  16,0   18:39     W
11  19,3  25,6   15:52  12,1   06:24   2,2   1,6   0,0   9,1  29,0   12:29   NNE
12  20,0  28,4   17:35  11,2   06:24   2,6   2,6   0,0   7,5  26,0   11:27   NNE
13  20,8  28,1   17:11  12,4   05:32   2,0   2,8   0,0   5,4  24,0   15:04   NNW
14  19,6  26,8   14:58  11,0   06:33   2,6   2,2   0,0   2,5  19,0   13:43   WNW
15  16,6  19,1   00:00  14,8   11:56   3,4   0,0   1,2   3,3  18,0   14:51     W
16  17,3  20,8   13:10  14,1   07:08   2,7   0,0   0,0   1,7  14,0   15:44     W
17  18,9  24,5   15:41  15,2   06:24   2,0   0,9   0,0   6,5  26,0   18:26     N
18  19,9  27,8   17:15  10,4   06:04   2,8   2,8   0,0   7,5  32,0   11:59   NNE
19  22,6  31,3   18:40  11,8   06:47   2,0   4,5   0,0   3,0  23,0   11:14   ENE
20  23,4  32,1   16:01  12,8   06:38   1,5   4,9   0,0   2,5  19,0   17:37   NNE
21  24,5  30,9   16:42  17,7   04:49   0,3   4,8   0,0   2,3  19,0   10:34   WSW
22  23,7  29,8   17:55  18,0   06:19   0,2   4,0   0,0   2,8  16,0   13:14   WNW
23  23,4  29,9   15:18  15,6   06:57   0,7   4,2   0,0   2,2  19,0   16:38    NW
24  22,3  28,5   15:39  15,6   06:46   0,7   3,0   0,0   3,1  21,0   18:00   WSW
25  18,6  26,3   18:05  10,6   06:22   2,9   1,5   0,0   2,4  16,0   15:58   WSW
26  20,4  27,2   17:27  16,4   05:16   1,3   1,7   2,4   3,8  19,0   14:54   WSW
27  24,0  33,8   16:27  13,6   05:50   1,5   5,5   0,0   3,5  19,0   11:24   SSW
28  20,8  25,4   16:14  16,9   04:23   0,7   1,5   0,0   1,9  18,0   14:40     W
29  21,9  30,1   18:35  12,3   06:23   1,9   3,7   0,0   2,1  18,0   11:42     N
30  26,5  35,8   17:53  15,1   05:44   0,7   7,3   0,0   3,1  21,0   12:25   ESE
31  28,8  36,7   16:11  20,2   07:09   0,0   8,7   0,0   3,5  19,0   02:58   SSW
----------------------------------------------------------------------------------
    20,6  36,7    31     8,4     7    60,9  80,5   7,8   3,6  32,0    18     NNW

Max >=  30,0  8
Max <=   0,0  0
Min <=   0,0  0
Min <= -10,0  0
Max Rain: 4,2 on day 1
Days of Rain: 3 (>= 0,2 mm)  2 (>= 2,0 mm)  0 (>= 20,0 mm)
Heat Base: 20,0  Cool Base: 20,0  Method: Integration