Select a Year or Month report

Report for 2020 Apr
                   Monthly Climatological Summary for avr. 2020

Name: Station Davis VP2   City: Ségur Le Château   State: Corrèze-Limousin-France
Elevation: 367 m  Lat: N 45 25 59   Lon: E 001 19 00

                  Temperature (C), Rain (mm), Wind Speed (km/h)

                                      Heat  Cool        Avg
    Mean                              Deg   Deg         Wind                 Dom
Day Temp  High   Time   Low    Time   Days  Days  Rain  Speed High   Time    Dir
----------------------------------------------------------------------------------
01   9,2  16,9   17:30  -0,6   07:31  10,8   0,0   0,0   5,5  19,0   10:25   ENE
02   8,0  14,6   17:21   1,8   06:44  12,0   0,0   0,0   3,8  19,0   19:53     N
03   7,3  14,5   16:59   0,4   07:33  12,7   0,0   0,0   9,1  32,0   12:33   NNE
04  10,4  18,8   20:03   1,1   07:10   9,6   0,0   0,0   3,4  29,0   14:04   ESE
05  13,5  19,9   16:38   6,4   07:34   6,5   0,0   0,0  12,0  40,0   12:42    SE
06  14,1  19,9   16:11  10,5   02:03   5,8   0,0   0,0   6,5  32,0   11:21    SE
07  15,4  20,9   17:15  10,7   06:15   4,7   0,1   0,0   5,2  35,0   12:59    SE
08  14,9  20,1   17:10  10,1   07:17   5,1   0,0   0,0   3,3  24,0   13:58   SSE
09  14,9  23,2   17:34   5,8   07:36   5,6   0,6   0,0   3,4  21,0   17:00   ESE
10  16,6  24,2   17:33   6,9   07:03   4,4   1,1   0,0   3,9  26,0   15:57   ESE
11  15,6  23,9   18:20   5,0   07:32   5,1   0,7   0,0   2,1  18,0   11:47    SE
12  14,8  20,9   17:42   9,1   07:24   5,2   0,0   1,4   5,7  29,0   17:09   SSE
13  14,7  20,7   16:51   8,1   06:59   5,3   0,0   0,0   4,6  21,0   12:57     E
14  13,2  19,5   16:41   6,9   07:23   6,8   0,0   0,0  12,0  39,0   14:58   NNE
15  13,5  21,9   17:59   1,9   07:08   6,7   0,2   0,0  10,9  45,0   14:27    SE
16  15,4  19,8   14:55  10,8   07:07   4,6   0,0   0,0   7,6  34,0   10:06    SE
17  15,5  21,7   18:26   8,9   06:42   4,6   0,1   0,2   5,5  31,0   10:36    SE
18  15,0  21,2   16:26  10,7   02:10   5,1   0,1   8,8   3,6  42,0   00:07    SE
19  14,2  17,9   16:52  12,5   07:13   5,8   0,0   3,4   3,3  18,0   01:02   ESE
20  14,3  18,3   16:03  11,4   06:48   5,7   0,0   5,0   1,8  14,0   14:22   WNW
21  14,5  17,1   15:43  13,2   01:16   5,5   0,0   4,0   2,0  11,0   13:05     E
22  13,8  15,4   19:21  12,2   06:36   6,2   0,0   0,2   2,4  14,0   05:13   WSW
23  13,7  15,8   16:25  12,1   08:00   6,3   0,0   0,0   2,2  13,0   19:29   WSW
24  15,7  22,8   17:13   9,0   04:34   4,8   0,5   0,0   1,5  16,0   13:38     W
25  15,2  23,1   15:21   9,6   03:53   5,0   0,3   0,0   3,1  21,0   16:53   ENE
26  14,7  21,2   17:35  11,0   07:00   5,3   0,1   1,6   2,5  21,0   18:53   WSW
27  13,0  18,3   15:12   7,8   07:04   7,0   0,0   6,2   3,3  18,0   15:43    SW
28  10,9  15,2   14:41   8,9   16:21   9,0   0,0   9,6   4,3  31,0   15:01   WSW
29  11,5  15,2   13:28   8,8   06:35   8,5   0,0   5,6   4,5  21,0   03:03    SW
30  10,6  13,1   17:08   8,2   13:55   9,4   0,0  18,4   6,8  34,0   12:55    SW
----------------------------------------------------------------------------------
    13,5  24,2    10    -0,6     1   199,1   3,8  64,4   4,9  45,0    15      SE

Max >=  30,0  0
Max <=   0,0  0
Min <=   0,0  1
Min <= -10,0  0
Max Rain: 18,4 on day 30
Days of Rain: 12 (>= 0,2 mm)  8 (>= 2,0 mm)  0 (>= 20,0 mm)
Heat Base: 20,0  Cool Base: 20,0  Method: Integration