Select a Year or Month report

Report for 2020 Mar
                   Monthly Climatological Summary for mars 2020

Name: Station Davis VP2   City: Ségur Le Château   State: Corrèze-Limousin-France
Elevation: 367 m  Lat: N 45 25 59   Lon: E 001 19 00

                  Temperature (C), Rain (mm), Wind Speed (km/h)

                                      Heat  Cool        Avg
    Mean                              Deg   Deg         Wind                 Dom
Day Temp  High   Time   Low    Time   Days  Days  Rain  Speed High   Time    Dir
----------------------------------------------------------------------------------
01   7,2  10,1   15:22   5,7   00:25  12,7   0,0   7,4   7,9  47,0   12:28    SW
02   6,0   8,7   14:06   2,5   23:59  14,0   0,0  16,4  11,0  42,0   09:57    SW
03   3,1   5,2   17:30   1,1   01:57  16,9   0,0   6,0   4,5  24,0   09:28   SSE
04   4,6   8,4   23:58   0,9   05:25  15,4   0,0   3,8   4,1  31,0   13:21   SSE
05   8,8  11,2   02:40   4,5   23:55  11,2   0,0  28,6  11,4  64,0   15:09    SW
06   4,7   7,8   13:09   3,1   23:23  15,2   0,0   6,6   6,9  39,0   12:51     W
07   6,0  10,1   17:19   2,6   07:28  14,0   0,0   0,4   3,0  23,0   13:59    NW
08   7,0   9,4   14:04   5,7   07:06  13,0   0,0   4,2   3,8  31,0   21:47    SW
09   7,0  10,0   14:34   4,2   08:01  12,9   0,0   1,0   6,0  31,0   13:28     W
10   8,4  11,2   16:34   5,6   02:31  11,6   0,0   5,2   6,8  31,0   12:42    SW
11   9,9  11,5   15:39   9,0   07:20  10,1   0,0   0,2   2,3  18,0   01:12    SW
12   9,5  11,7   13:18   6,1   23:58  10,5   0,0   0,0   3,3  18,0   12:13   WSW
13   6,4  11,3   15:26   1,6   07:46  13,4   0,0   0,0   5,1  23,0   12:25     N
14   5,7  12,1   17:01  -0,7   06:10  14,1   0,0   0,0   1,7  18,0   12:08     W
15   9,3  18,7   16:36   0,6   06:48  10,7   0,0   0,0   7,9  37,0   11:10    SE
16  10,3  12,6   16:14   8,5   04:29   9,7   0,0   5,6   9,7  37,0   12:49    SE
17  11,7  16,7   15:13   7,7   23:43   8,3   0,0   0,2   3,6  29,0   10:08   SSE
18  11,5  20,1   16:59   3,4   05:58   8,4   0,0   0,0   1,6  14,0   13:32    NE
19  13,6  21,0   16:49   5,8   04:51   6,5   0,1   0,0   3,9  23,0   14:40    SE
20  13,6  19,5   13:38   8,0   05:16   6,4   0,0   0,0   6,2  37,0   10:34   ESE
21  12,6  19,8   14:50   5,8   05:48   7,4   0,0   0,0   4,5  21,0   15:48   NNE
22  10,8  18,1   15:33   4,9   05:16   9,2   0,0   0,0   4,4  29,0   19:53   ENE
23  11,4  17,0   14:10   4,7   07:02   8,6   0,0   0,2   4,0  23,0   11:32   ESE
24   9,1  16,9   16:09   2,2   06:12  10,9   0,0   0,0   5,1  32,0   17:27   NNE
25   7,6  14,1   15:54   2,7   03:18  12,4   0,0   0,0   8,0  32,0   18:24    NE
26   4,7  10,6   16:53  -0,7   06:52  15,3   0,0   0,0   5,0  31,0   17:17    NE
27   6,3  13,3   15:51  -1,2   03:59  13,6   0,0   0,0   6,4  31,0   10:56     N
28   9,0  16,7   15:12   1,3   06:22  11,0   0,0   0,0   4,0  19,0   19:21     N
29   5,4   7,8   00:32   3,7   23:59  14,0   0,0   0,0  15,5  47,0   11:37   NNE
30   2,8   4,9   23:58   1,0   13:24  17,2   0,0   2,0  16,5  43,0   02:39    NE
31   6,9  13,9   16:50   0,1   07:24  13,1   0,0   0,0  13,1  37,0   17:43    NE
----------------------------------------------------------------------------------
     8,1  21,0    19    -1,2    27   367,7   0,1  87,8   6,4  64,0     5      NE

Max >=  30,0  0
Max <=   0,0  0
Min <=   0,0  3
Min <= -10,0  0
Max Rain: 28,6 on day 5
Days of Rain: 15 (>= 0,2 mm)  10 (>= 2,0 mm)  1 (>= 20,0 mm)
Heat Base: 20,0  Cool Base: 20,0  Method: Integration