Select a Year or Month report
Report for 2019 Aug
Monthly Climatological Summary for août 2019
Name: Station Davis VP2 City: Ségur Le Château State: Corrèze-Limousin-France
Elevation: 367 m Lat: N 45 43 03 Lon: E 001 31 20
Temperature (°C), Rain (mm), Wind Speed (km/h)
Heat Cool Avg
Mean Deg Deg Wind Dom
Day Temp High Time Low Time Days Days Rain Speed High Time Dir
----------------------------------------------------------------------------------
01 16,0 23,0 19:30 10,2 06:52 4,3 0,3 1,2 1,7 18,0 15:04 SE
02 20,4 27,8 16:02 13,5 07:04 2,0 2,4 0,0 2,0 18,0 17:05 NNW
03 21,1 29,7 17:02 11,6 06:39 2,5 3,6 0,0 1,7 14,0 12:08 NNE
04 22,1 31,3 16:42 11,6 06:56 2,2 4,2 0,0 0,9 11,0 12:46 S
05 20,9 27,2 18:40 15,4 05:23 1,3 2,1 0,0 1,3 11,0 11:34 WSW
06 19,6 25,7 14:18 13,5 06:56 2,1 1,7 2,0 0,9 16,0 18:16 WSW
07 21,4 25,1 18:45 17,4 23:58 0,2 1,0 3,0 1,6 18,0 13:05 WSW
08 22,4 31,3 17:38 14,7 05:31 1,6 4,0 0,0 2,4 21,0 14:03 SSE
09 23,4 30,4 12:58 17,2 23:18 0,3 3,7 0,0 3,3 23,0 07:47 SW
10 19,5 24,7 16:38 15,7 04:18 1,6 1,0 0,0 1,8 14,0 11:24 WSW
11 15,6 21,3 17:15 12,6 11:53 4,4 0,1 4,0 2,9 32,0 10:36 N
12 14,9 22,2 14:28 9,7 07:10 5,2 0,1 10,8 1,5 21,0 15:03 WSW
13 14,7 21,9 15:56 7,8 07:18 5,4 0,2 0,0 1,1 14,0 13:19 NW
14 16,8 24,5 16:56 7,9 06:37 4,2 1,0 0,0 1,3 14,0 12:44 SW
15 17,6 22,3 16:59 13,5 23:58 2,6 0,2 1,2 1,8 18,0 14:24 W
16 17,3 26,7 17:28 7,9 07:09 4,2 1,5 0,0 1,0 13,0 11:36 SSW
17 19,6 28,1 16:11 11,2 06:15 2,8 2,4 0,0 2,3 19,0 16:23 SSW
18 20,1 26,2 16:06 14,4 06:47 1,6 1,7 1,2 1,6 16,0 18:52 W
19 16,2 21,9 18:42 11,3 07:37 4,0 0,1 1,0 1,2 16,0 12:26 NNW
20 17,3 24,4 15:55 12,8 03:45 3,6 0,9 0,0 2,4 14,0 17:21 NNE
21 16,7 26,2 15:42 7,2 05:24 4,8 1,6 0,0 4,4 26,0 15:06 NNE
22 19,5 30,2 17:52 9,3 07:37 3,6 3,1 0,0 3,5 18,0 11:38 NNE
23 21,8 33,1 16:04 9,9 07:25 2,8 4,6 0,0 1,2 13,0 13:09 N
24 22,7 33,8 18:22 11,2 05:33 2,4 5,1 0,0 1,6 16,0 12:11 SSE
25 21,8 32,4 17:55 11,9 07:26 2,2 4,0 0,0 1,2 11,0 11:39 SW
26 24,2 33,3 15:39 14,6 07:43 1,2 5,4 0,0 1,1 16,0 13:44 SE
27 20,1 24,3 17:54 16,8 23:57 0,9 1,1 0,0 0,5 10,0 07:20 ESE
28 20,4 27,9 15:43 13,2 07:14 2,2 2,6 0,0 1,7 16,0 14:55 WSW
29 21,8 29,7 17:14 15,4 04:25 1,4 3,3 0,0 1,1 11,0 12:39 SW
30 22,8 31,8 16:10 13,1 07:29 1,7 4,5 0,0 1,1 14,0 16:18 SSW
31 22,1 29,8 14:53 14,8 06:50 1,5 3,5 0,0 2,4 18,0 15:21 WSW
----------------------------------------------------------------------------------
19,7 33,8 24 7,2 21 80,8 71,0 24,4 1,8 32,0 11 W
Max >= 30,0 9
Max <= 0,0 0
Min <= 0,0 0
Min <= -10,0 0
Max Rain: 10,8 on day 12
Days of Rain: 8 (>= 0,2 mm) 4 (>= 2,0 mm) 0 (>= 20,0 mm)
Heat Base: 20,0 Cool Base: 20,0 Method: Integration