Select a Year or Month report

Report for 2019 Jun
                   Monthly Climatological Summary for juin 2019

Name: Station Davis VP2   City: Ségur Le Château   State: Corrèze-Limousin-France
Elevation: 367 m  Lat: N 45 43 03   Lon: E 001 31 20

                  Temperature (C), Rain (mm), Wind Speed (km/h)

                                      Heat  Cool        Avg
    Mean                              Deg   Deg         Wind                 Dom
Day Temp  High   Time   Low    Time   Days  Days  Rain  Speed High   Time    Dir
----------------------------------------------------------------------------------
01  21,0  28,4   18:26  11,4   05:41   2,2   3,2   0,0   2,4  19,0   13:44    SE
02  22,2  29,9   17:28  13,3   06:32   1,6   3,8   0,0   3,0  21,0   10:17     S
03  19,1  24,2   17:13  14,1   06:20   1,9   0,9   0,0   2,4  16,0   06:56    NE
04  20,0  26,6   16:15  13,7   03:12   2,1   2,0   4,6   3,8  29,0   22:44    SW
05  10,4  14,4   00:00   8,7   16:46   9,6   0,0  37,2   3,2  23,0   13:11   NNW
06  13,8  19,3   18:08   8,5   01:48   6,2   0,0   0,0   5,2  29,0   23:55    SE
07  13,3  16,9   00:19   8,4   23:51   6,7   0,0   5,4  12,1  48,0   13:58     S
08  13,2  18,7   18:28   6,7   05:41   6,8   0,0   0,0   3,1  18,0   11:39   SSE
09  15,2  20,5   18:40  11,7   03:12   4,8   0,0   3,0   5,4  32,0   06:43    NE
10  13,6  17,7   15:25  10,9   09:54   6,3   0,0   0,8   2,7  19,0   11:03   WNW
11  11,0  14,8   17:33   9,2   09:31   8,6   0,0   9,0   2,4  24,0   15:08    SW
12  11,0  14,6   16:41   9,2   07:00   8,8   0,0   8,0   4,3  29,0   11:56    SW
13  15,7  23,4   18:22   7,1   06:08   5,0   0,6   0,0   3,6  21,0   14:07    SE
14  15,7  20,4   15:33  12,4   06:53   4,4   0,0  10,4   2,1  18,0   00:28     E
15  14,5  18,2   18:40  11,9   08:56   5,5   0,0   3,2   1,5  16,0   13:50   WNW
16  15,6  23,2   18:21   7,1   06:32   4,8   0,4   0,0   2,3  14,0   09:46   NNE
17  19,5  27,3   16:39  10,2   05:56   2,9   2,4   0,0   1,7  13,0   13:41   ENE
18  21,8  28,9   18:04  14,2   03:40   1,6   3,3   0,0   4,5  26,0   14:41    SE
19  19,9  23,9   16:17  15,4   06:50   1,3   1,1   0,0   4,2  47,0   01:48     W
20  17,0  22,2   18:26  13,5   05:27   3,2   0,2   0,0   1,1  14,0   15:37     W
21  15,3  17,4   12:49  13,8   06:17   4,7   0,0  33,2   6,6  47,0   17:27     N
22  17,6  23,3   18:12  13,1   05:03   3,0   0,6   0,2   5,2  26,0   03:07   NNE
23  21,2  28,8   17:00  12,4   06:51   2,2   3,4   0,0   2,8  23,0   17:12    SE
24  23,6  29,3   15:40  16,3   06:23   0,6   4,3   0,0   3,5  21,0   14:59    SE
25  24,2  29,7   18:22  18,4   06:33   0,1   4,3   0,0   4,5  26,0   13:01   SSE
26  26,7  34,5   17:07  16,5   06:07   0,5   7,1   0,0   5,2  23,0   14:46   ESE
27  29,2  35,9   15:28  19,9   06:16   0,0   9,1   0,0   3,8  19,0   00:15     E
28  27,2  33,3   14:40  19,0   06:05   0,1   7,3   0,0   1,9  13,0   11:00   WSW
29  27,9  35,6   17:34  18,7   06:52   0,1   8,0   0,2   0,4  11,0   13:05    SW
30  23,3  29,3   18:24  18,5   06:54   0,3   3,7   0,0   2,1  18,0   13:54   SSW
----------------------------------------------------------------------------------
    18,7  35,9    27     6,7     8   105,9  65,7 115,2   3,6  48,0     7     SSE

Max >=  30,0  4
Max <=   0,0  0
Min <=   0,0  0
Min <= -10,0  0
Max Rain: 37,2 on day 5
Days of Rain: 12 (>= 0,2 mm)  9 (>= 2,0 mm)  2 (>= 20,0 mm)
Heat Base: 20,0  Cool Base: 20,0  Method: Integration