Select a Year or Month report

Report for 2019 Apr
                   Monthly Climatological Summary for avr. 2019

Name: Station Davis VP2   City: Ségur Le Château   State: Corrèze-Limousin-France
Elevation: 367 m  Lat: N 45 43 03   Lon: E 001 31 20

                  Temperature (C), Rain (mm), Wind Speed (km/h)

                                      Heat  Cool        Avg
    Mean                              Deg   Deg         Wind                 Dom
Day Temp  High   Time   Low    Time   Days  Days  Rain  Speed High   Time    Dir
----------------------------------------------------------------------------------
01  12,5  19,2   15:48   4,7   07:41   7,5   0,0   0,0   3,3  19,0   02:31    SE
02  10,7  14,9   15:19   7,1   23:48   9,3   0,0   3,6   5,4  37,0   17:11   WSW
03   5,3   8,4   13:36   1,9   22:29  14,7   0,0   6,6   7,2  34,0   16:30   WSW
04   4,2   9,0   16:47   1,6   04:39  15,7   0,0   1,8   4,8  21,0   15:47     S
05   8,6  15,4   17:44   3,1   03:09  11,3   0,0   0,0   6,8  29,0   14:35     E
06   7,1  10,2   00:00   2,7   23:44  12,9   0,0   6,0   6,7  39,0   08:01    SE
07   6,7  14,6   18:08  -0,9   05:27  13,3   0,0   0,2   2,7  21,0   14:53     W
08   8,3  15,9   16:16   0,4   06:30  11,7   0,0   0,0   2,7  23,0   18:26   SSW
09   9,6  15,2   18:06   2,7   04:23  10,4   0,0   0,0   3,2  24,0   17:34     N
10   9,6  16,3   15:24   1,6   07:17  10,3   0,0   0,0   7,0  34,0   18:36   NNW
11  10,4  15,6   14:59   6,9   23:57   9,6   0,0   0,0  10,1  37,0   14:39   NNW
12   8,1  15,3   15:48   1,0   07:41  11,9   0,0   0,0   8,3  34,0   16:53     N
13   7,2  13,9   16:13  -0,6   07:35  12,8   0,0   0,0   6,7  31,0   11:13     N
14   7,1  13,2   16:55   2,3   06:14  12,9   0,0   0,0  11,7  29,0   15:41   NNE
15   9,9  17,3   15:54  -0,3   06:52  10,1   0,0   0,0   8,6  53,0   22:16   ESE
16  10,9  16,8   17:38   6,9   03:48   9,0   0,0   3,4   4,4  24,0   04:19    SW
17  12,2  19,9   15:56   4,8   08:10   7,1   0,0   0,0   7,0  29,0   17:26    SE
18  15,4  21,2   15:33   9,3   04:48   4,6   0,1   0,0   8,4  37,0   15:59    SE
19  17,1  23,3   15:58  10,1   07:17   3,7   0,8   0,0   6,8  31,0   10:25   ESE
20  13,6  22,8   17:06   6,5   06:49   6,5   0,2   5,8   3,5  42,0   18:09   ESE
21  12,7  17,9   15:05   9,3   06:01   7,1   0,0   0,0   3,0  32,0   17:46     E
22  16,2  21,2   14:12   8,7   07:59   2,3   0,0   0,0   2,9  31,0   14:49   ESE
23  13,8  17,9   16:56   9,8   04:54   6,1   0,0   0,2   6,5  37,0   14:04    SE
24  11,2  14,8   16:42   7,6   09:13   8,7   0,0  14,0   6,9  42,0   16:30     S
25  10,0  14,6   15:30   6,9   23:58   9,9   0,0  16,6   6,0  39,0   02:26     S
26   8,5  13,2   14:37   6,0   01:05  11,1   0,0   7,8   5,3  42,0   02:13    SW
27   9,2  13,4   16:37   5,9   23:59  10,7   0,0   3,8   6,4  32,0   15:30   WSW
28   8,3  13,4   15:36   4,0   03:29  11,4   0,0   0,4   3,8  23,0   13:44     W
29  10,1  15,3   17:01   5,0   05:48   9,9   0,0   1,4   7,5  31,0   14:24   NNE
30  11,2  18,2   16:53   3,6   06:39   8,8   0,0   0,0  10,9  35,0   16:54   NNE
----------------------------------------------------------------------------------
    10,2  23,3    19    -0,9     7   291,3   1,1  71,6   6,1  53,0    15     ESE

Max >=  30,0  0
Max <=   0,0  0
Min <=   0,0  3
Min <= -10,0  0
Max Rain: 16,6 on day 25
Days of Rain: 14 (>= 0,2 mm)  9 (>= 2,0 mm)  0 (>= 20,0 mm)
Heat Base: 20,0  Cool Base: 20,0  Method: Integration