Select a Year or Month report
Report for 2019 Mar
Monthly Climatological Summary for mars 2019
Name: Station Davis VP2 City: Ségur Le Château State: Corrèze-Limousin-France
Elevation: 367 m Lat: N 45° 43' 03" Lon: E 001° 31' 20"
Temperature (°C), Rain (mm), Wind Speed (km/h)
Heat Cool Avg
Mean Deg Deg Wind Dom
Day Temp High Time Low Time Days Days Rain Speed High Time Dir
----------------------------------------------------------------------------------
1 8,8 11,2 15:58 6,8 06:53 11,2 0,0 0,2 2,9 21,0 15:15 W
2 8,5 13,1 14:43 5,1 03:26 11,5 0,0 3,2 4,6 26,0 15:28 WSW
3 10,7 18,2 17:02 6,3 02:26 9,3 0,0 0,0 6,3 35,0 23:39 SSE
4 8,7 13,4 01:37 5,4 21:54 11,3 0,0 4,6 12,1 40,0 04:39 SW
5 8,5 13,7 14:46 4,4 07:43 11,5 0,0 0,0 6,7 29,0 23:42 S
6 11,1 15,5 13:53 7,2 23:55 8,9 0,0 14,4 15,5 50,0 14:14 SSE
7 7,2 10,6 15:32 5,4 07:19 12,8 0,0 7,0 8,1 40,0 03:56 SW
8 7,2 10,9 14:58 5,6 01:43 12,8 0,0 1,6 3,4 19,0 14:12 SW
9 9,1 11,7 15:39 6,4 04:38 10,8 0,0 4,2 5,1 26,0 19:49 SW
10 9,9 12,6 16:07 5,3 23:53 10,0 0,0 4,4 9,6 32,0 03:03 WSW
11 5,6 10,8 15:34 0,6 23:55 14,4 0,0 0,0 3,9 34,0 12:16 NW
12 6,5 15,5 16:25 -0,9 01:44 13,4 0,0 3,0 8,3 39,0 20:59 SSW
13 5,8 9,6 13:37 3,2 07:05 14,0 0,0 2,0 7,1 43,0 15:36 W
14 7,0 9,4 14:21 5,0 07:45 13,0 0,0 1,6 10,1 39,0 15:40 WSW
15 9,4 11,8 14:48 8,2 23:25 10,5 0,0 4,6 8,3 34,0 00:19 WSW
16 9,2 13,7 16:34 6,4 06:56 10,5 0,0 0,8 4,1 21,0 12:19 S
17 6,7 9,9 15:04 4,1 23:56 13,2 0,0 2,0 6,3 31,0 15:14 WSW
18 5,3 10,7 14:56 0,9 07:29 14,6 0,0 2,8 3,1 23,0 14:34 WNW
19 6,3 10,4 15:26 3,0 23:58 13,1 0,0 0,0 9,6 35,0 15:00 NNE
20 6,5 12,4 15:39 0,2 06:39 12,2 0,0 0,0 9,7 39,0 16:59 NNE
21 8,0 16,0 15:58 0,8 04:12 11,8 0,0 0,0 5,3 24,0 10:59 NNE
22 10,0 20,1 16:49 -0,4 05:39 9,8 0,0 0,0 2,0 14,0 15:36 SSE
23 11,8 20,2 16:10 2,0 07:05 8,1 0,0 0,0 6,5 26,0 15:56 N
24 10,1 17,3 14:10 3,3 06:35 9,8 0,0 0,0 9,1 31,0 14:32 N
25 7,4 12,9 13:49 3,3 02:44 12,4 0,0 0,0 15,6 47,0 15:20 N
26 7,1 13,1 14:44 0,8 07:07 12,6 0,0 0,0 15,9 40,0 12:00 NNE
27 8,2 13,7 15:33 2,6 06:20 11,7 0,0 0,0 16,1 43,0 13:32 NNE
28 9,1 16,2 15:48 2,3 06:56 10,8 0,0 0,0 13,0 35,0 15:54 NNE
29 10,4 18,4 15:23 0,8 06:05 9,5 0,0 0,0 7,9 37,0 21:39 SE
30 11,6 18,7 17:19 3,6 06:35 8,3 0,0 0,0 5,8 26,0 09:31 SE
31 12,2 20,8 17:19 1,0 07:48 7,3 0,0 0,0 2,1 14,0 14:24 S
----------------------------------------------------------------------------------
8,5 20,8 31 -0,9 12 351,1 0,0 56,4 7,9 50,0 6 WNW
Max >= 30,0: 0
Max <= 0,0: 0
Min <= 0,0: 2
Min <= -10,0: 0
Max Rain: 14,4 on day 6
Days of Rain: 15 (>= 0,2 mm) 11 (>= 2,0 mm) 0 (>= 20,0 mm)
Heat Base: 20,0 Cool Base: 20,0 Method: Integration